. Let t = -286 - -289. Calculate the remainder when r(15) is divided by t.
1
Let h = -712 - -716. Suppose -152 = -h*i + 2*x, -5*i = -x - 299 + 112. Calculate the remainder when 96 is divided by i.
22
Suppose -p - 5271 = -4*q, -29*q + 26*q = 5*p - 3936. What is the remainder when q is divided by 25?
17
Let u(y) = 744*y**2 - 8*y + 9. Let w be u(1). Suppose -6*l = -853 + w. Calculate the remainder when 176 is divided by l.
14
Suppose 0 = -4*y - 4*c - 12 + 16, -c = 3*y + 1. Let q(s) = -s**2 + 2*s + 185. Let m be q(0). What is the remainder when 24 is divided by y/4 - m/(-20)?
6
Let s be 9/(-378)*-12 + 66/14. Suppose -s*y - 83 = -3*u - 1, 4*y = -3*u + 37. Calculate the remainder when u is divided by 7.
5
Let p(m) = m**2 - 9*m - 25. Let g be p(-3). Suppose g*i = 44*i - 759. What is the remainder when 134 is divided by i?
19
Let c(h) = -h + 5. Let v(t) = -2*t + 114. Let z(k) = -3*c(k) + v(k). Let y be (-2)/(-7) - (-163)/(-7). Calculate the remainder when z(y) is divided by 11.
10
Let v = -17284 + 17478. What is the remainder when 19205 is divided by v?
193
Let s(q) = -3*q**2 + 14*q + 17. Let a be s(4). Let h(g) = -g + 55. What is the remainder when h(a) is divided by 10?
0
Suppose 2*w + 163 = h, w + 100 = h - 66. Let x = 200 - h. What is the remainder when 59 is divided by x?
28
Suppose s = -4*s + 575. Suppose s = -3*u + 256. What is the remainder when u is divided by 10?
7
Suppose 3*o - 522 = 4*d - 101, 3*o - 2*d = 425. Calculate the remainder when o is divided by (-2)/(-8)*5*(33 - 20/4).
3
Suppose 5*x - w - 2*w + 49 = 0, 3*w = -2*x - 28. Let y = x - -17. Suppose 12 = -3*a, -4*d - 3*a + y*a = -172. Calculate the remainder when 238 is divided by d.
38
Calculate the remainder when 107 is divided by ((-60)/7)/(453/(-2114)).
27
Let g = -412 + 651. Suppose 2*i - 539 = g. Suppose -98 = p - i. What is the remainder when p is divided by 49?
46
Suppose 1963*p - 1832*p = 8908. What is the remainder when 6249 is divided by p?
61
What is the remainder when -3 + (-72)/(-21) - (-3224)/56*8 is divided by 11?
10
Let u(d) = 2*d + 2. Let c be u(0). Let o = 41 - -34. Suppose c*a - 54 = -4*b, -2*a + 3*b = 2*a - o. Calculate the remainder when 62 is divided by a.
20
Suppose -95 = 16*y - 15. Let f(z) = -z**3 - 4*z**2 + 4*z + 6. Calculate the remainder when 43 is divided by f(y).
10
Let p = 2806 - -54. Calculate the remainder when p is divided by 18.
16
Calculate the remainder when 921 is divided by -35 + (-10848)/(-36) - 8/6.
126
Let m = -32 + 167. Suppose -684 - m = -3*d. Calculate the remainder when (-2)/3*1/(-2)*d is divided by 23.
22
Let r(o) = o**3 + 29*o**2 + 32*o + 154. What is the remainder when 83 is divided by r(-28)?
41
Let g = 35 + -16. Let v = 216 - 99. Let a = -45 + v. Calculate the remainder when a is divided by g.
15
Let a be 759/(21/560*-4). What is the remainder when (a/(-16))/5 - 12/(-16) is divided by 33?
31
Suppose -37*u + 36*u - 5*n + 2944 = 0, n + 2932 = u. What is the remainder when u is divided by 226?
222
Let l(f) = -20*f**2 + f + 1. Let t be l(1). Suppose -72 = 6*o + 24. Calculate the remainder when 45 is divided by (-4)/(o/t)*(-8)/3.
9
Let o = 4539 - 4538. What is the remainder when 479 is divided by o?
0
Let a(d) = d**2 - 8*d. Let v(h) = -h**2 + 43*h - 30. Let t be 21*(-2 + -2 - -5)*2. What is the remainder when a(11) is divided by v(t)?
9
Let h = 173 + -156. Let r(c) = -4*c**2 + 3*c - 2. Let n be r(2). Let l = h + n. Calculate the remainder when 27 is divided by l.
2
What is the remainder when 5457 is divided by 499/6 + 11/(330/25)?
81
What is the remainder when (-1 - (-3)/15)/((-107888)/(-5995) + -18) is divided by 56?
50
Suppose 2*u + 544 - 20472 = m, u - m - 9963 = 0. What is the remainder when u is divided by 11?
10
Let s = -97 - -305. What is the remainder when s is divided by ((-16)/270)/((-608)/760) - (2372/(-54) + -2)?
24
Let k(v) = -27*v + 204. What is the remainder when k(2) is divided by 65?
20
Suppose 4*a - 2*j = -140 - 122, -265 = 4*a + j. Let p = a + 277. Calculate the remainder when p is divided by 71.
69
Let a(x) = x**3 - 3*x**2 + 4*x - 1. Let l be 2*(-3 + (-15)/(-10)) + 6. Suppose 7*g - 325 = 2*g. What is the remainder when g is divided by a(l)?
10
Suppose 88 = -4*u - u + 283. Let q(f) = f**3 + 3*f**2 - f - 1. Let n be q(-3). Calculate the remainder when u is divided by 2 + n*-1 - -23.
16
Suppose -2*w = -w - 5. Suppose 1344 - 2047 = -19*j. What is the remainder when j is divided by w?
2
What is the remainder when ((-322)/(-21))/(8/168) is divided by 6?
4
Let s(f) = f**3 + 23*f**2 + 24*f + 13. Let i be s(-19). Suppose o = 14*o - i. Calculate the remainder when 229 is divided by o.
75
Suppose -5*g + 0*g = 4*h - 184, -g + 31 = -5*h. Calculate the remainder when g is divided by (4 - (-11)/(-3))*1*9.
0
Let r = -274 + 132. Let c = 151 + r. What is the remainder when c is divided by 3?
0
Suppose 0 = 58*y + 64*y - 6344. Calculate the remainder when 4730 is divided by y.
50
Suppose -7*j = 6*j + 31*j - 82896. Calculate the remainder when j is divided by 934.
16
Let o(v) = v**3 - 10*v**2 + 22*v - 4. What is the remainder when o(12) is divided by (-10)/(-5) + 26 - (-1)/1?
26
Let v(w) = 2*w**2 - 53*w + 11. What is the remainder when v(-10) is divided by 127?
106
Suppose 0 = 2*m - 0*m - 10. Suppose -m*g = -0*g - 355. Let w = -43014 + 43026. Calculate the remainder when g is divided by w.
11
Let h = 114 - 95. What is the remainder when h + 6/(24/28) is divided by (-8)/(-1) - (0 + 1)?
5
Let n be -12*22/(-8)*(-107)/(-3). Suppose -6*b - 301 = -n. Calculate the remainder when b is divided by 30.
26
What is the remainder when ((-3)/2)/3 - (11 - (-54582)/(-44)) is divided by 16?
13
Let z = 854 + -607. Let q = z + -242. Calculate the remainder when q is divided by (2/4 + -1)*-4.
1
Suppose 83 - 20 = 7*h. Let y = 4 - -25. Let g = 12 + y. Calculate the remainder when g is divided by h.
5
Suppose -4*l = 4*x - 176, -3*x - 134 = -35*l + 31*l. What is the remainder when 708 is divided by l?
24
Suppose -5*t - 612 = -z - 4608, -3 = 3*z. Let y = t + -781. Let a(f) = -f**3 + 5*f**2 + 9*f - 8. Calculate the remainder when y is divided by a(6).
8
Let a be (2 - (-12)/(-9))*(5 + 91). Suppose -136*s - a = -140*s. Suppose -x + 0 - 2 = 5*u, 2*x - 7 = u. Calculate the remainder when s is divided by x.
1
Let q = 5040 + -4981. Calculate the remainder when 9557 is divided by q.
58
Suppose 0 = -m - 18*m + 95. Suppose w + 2*r = 82, m*w - 3*r + 5*r = 434. Calculate the remainder when w is divided by (9*1)/((-2)/(-4)).
16
What is the remainder when 2111 is divided by (3 - (3 + -10))*(165/(-25) + 9)?
23
Suppose -8*o + 2 = 66. Let s(n) = -3*n + 25. Calculate the remainder when s(o) is divided by (2/(-6))/((-14)/546).
10
Let i(o) = 1. Let w(z) = 5*z + 19. Let t(j) = 5*i(j) + w(j). Suppose 60*a - 2130 = 50*a. What is the remainder when a is divided by t(0)?
21
Let i be ((-4)/15*-5)/((-4)/(-30)). Suppose -i*s + 11*s - 3 = 0. What is the remainder when 5 is divided by s?
2
Suppose 0 = -25*v - 635 + 3660. What is the remainder when 334 is divided by v?
92
Let l be ((-4)/7)/((-66)/(-231)). Calculate the remainder when -6*(-290)/20*l/(-6) is divided by 15.
14
Calculate the remainder when (-6)/4*461202/(-1251) is divided by 47.
36
Suppose m + 153 = 2*m. Let n(b) = -4*b - 18. Let a be n(7). Let g = a + 72. Calculate the remainder when m is divided by g.
23
Let a = -279 + 311. Suppose 0 = 5*j + a - 52. What is the remainder when 18 is divided by j?
2
What is the remainder when 8 - (9/2)/(111/(-48988)) is divided by 19?
18
Let l = 12302 - 11484. Calculate the remainder when l is divided by 76.
58
Let v = -5 + 10. Suppose 5*k - 157 = 2*f, 2*k + 10 = v*f + 77. Suppose -1395 = -27*u + 1471 + 347. Calculate the remainder when u is divided by k.
26
Calculate the remainder when ((-14)/(-4))/(-19 - (-26774)/1408) is divided by 80.
64
Let c be (-33)/6*4/2. Suppose 93*j - 90*j = 78. Let r = j + c. What is the remainder when 55 is divided by r?
10
Let p be (2 + (-14)/6)*(47 - -10). Let f(v) = -8*v - 129. What is the remainder when f(p) is divided by 8?
7
Suppose 4*f + 31 = 95. Calculate the remainder when (-27)/(-2) - (-1)/(-2) is divided by 5/20 + 108/f - 0.
6
Suppose -1964*w + 1886*w + 2808 = 0. What is the remainder when 6333 is divided by w?
33
Suppose 3*w - 7 = -4*w. Let c be ((-2)/(-